05287178?
5
What is the hundred thousands digit of 354225036?
2
What is the units digit of 100321614?
4
What is the hundred thousands digit of 61708729?
7
What is the hundred millions digit of 2198732471?
1
What is the ten thousands digit of 1159343577?
4
What is the hundreds digit of 65497055?
0
What is the ten millions digit of 2582409925?
8
What is the tens digit of 102827165?
6
What is the thousands digit of 300641184?
1
What is the tens digit of 62951222?
2
What is the hundred millions digit of 3226474868?
2
What is the hundred thousands digit of 979515012?
5
What is the millions digit of 14123479?
4
What is the ten thousands digit of 131546094?
4
What is the ten thousands digit of 28528540?
2
What is the hundred thousands digit of 111315906?
3
What is the hundreds digit of 1281123052?
0
What is the ten millions digit of 80410624?
8
What is the ten millions digit of 247394389?
4
What is the units digit of 122689775?
5
What is the ten thousands digit of 21714131?
1
What is the units digit of 15851915?
5
What is the hundred thousands digit of 70527544?
5
What is the hundred thousands digit of 1996982819?
9
What is the tens digit of 11508894?
9
What is the hundred thousands digit of 93324366?
3
What is the tens digit of 1110745925?
2
What is the tens digit of 51846056?
5
What is the thousands digit of 62639706?
9
What is the tens digit of 99192795?
9
What is the hundred thousands digit of 130006969?
0
What is the tens digit of 70838017?
1
What is the thousands digit of 319251356?
1
What is the hundreds digit of 471975823?
8
What is the thousands digit of 182892859?
2
What is the hundreds digit of 104655163?
1
What is the tens digit of 5779839?
3
What is the hundred thousands digit of 695013?
6
What is the hundreds digit of 486866850?
8
What is the units digit of 1419256588?
8
What is the ten thousands digit of 28785735?
8
What is the tens digit of 72506059?
5
What is the hundred thousands digit of 453270405?
2
What is the units digit of 603576606?
6
What is the millions digit of 10777397?
0
What is the hundred millions digit of 326132205?
3
What is the units digit of 227908636?
6
What is the hundreds digit of 231780232?
2
What is the tens digit of 7575699?
9
What is the hundreds digit of 252357871?
8
What is the thousands digit of 14359161?
9
What is the units digit of 68745691?
1
What is the ten thousands digit of 2031670904?
7
What is the hundred thousands digit of 217066693?
0
What is the ten millions digit of 53688765?
5
What is the hundred thousands digit of 16474918?
4
What is the hundred thousands digit of 7201429078?
4
What is the millions digit of 321340332?
1
What is the tens digit of 12361236?
3
What is the hundreds digit of 318066301?
3
What is the hundred thousands digit of 3242578?
2
What is the hundreds digit of 91258771?
7
What is the ten millions digit of 239586039?
3
What is the tens digit of 718761885?
8
What is the hundreds digit of 85664486?
4
What is the units digit of 371853484?
4
What is the ten millions digit of 22081476?
2
What is the hundred thousands digit of 131443017?
4
What is the hundred thousands digit of 136698676?
6
What is the units digit of 42454743?
3
What is the hundred thousands digit of 3040767273?
7
What is the millions digit of 43686040?
3
What is the millions digit of 19077056?
9
What is the hundred thousands digit of 136867324?
8
What is the hundreds digit of 36076188?
1
What is the ten millions digit of 477102081?
7
What is the ten millions digit of 201764817?
0
What is the hundred millions digit of 2748649104?
7
What is the thousands digit of 1219244498?
4
What is the thousands digit of 523861082?
1
What is the millions digit of 1123218204?
3
What is the millions digit of 1262063651?
2
What is the hundreds digit of 1862669?
6
What is the units digit of 8688369?
9
What is the ten thousands digit of 72217132?
1
What is the units digit of 824897387?
7
What is the hundred thousands digit of 1355313?
3
What is the hundreds digit of 163645532?
5
What is the ten thousands digit of 355200870?
0
What is the hundreds digit of 21080114?
1
What is the hundred millions digit of 616562235?
6
What is the units digit of 31337579?
9
What is the ten millions digit of 48354379?
4
What is the hundred thousands digit of 930744297?
7
What is the hundreds digit of 831976316?
3
What is the hundred thousands digit of 136175130?
1
What is the hundreds digit of 92322891?
8
What is the thousands digit of 33767527?
7
What is the hundred thousands digit of 230851145?
8
What is the ten millions digit of 3713765280?
1
What is the tens digit of 137229502?
0
What is the hundreds digit of 110280069?
0
What is the tens digit of 39577217?
1
What is the ten millions digit of 68796990?
6
What is the hundred thousands digit of 1041670846?
6
What is the millions digit of 2199885236?
9
What is the hundred millions digit of 1953524660?
9
What is the billions digit of 1083157490?
1
What is the units digit of 46062836?
6
What is the thousands digit of 118457189?
7
What is the ten thousands digit of 244458026?
5
What is the units digit of 146050010?
0
What is the hundred millions digit of 4140123990?
1
What is the tens digit of 75419102?
0
What is the units digit of 19149915?
5
What is the hundred millions digit of 233913324?
2
What is the ten millions digit of 284910827?
8
What is the tens digit of 234564422?
2
What is the hundreds digit of 1165045057?
0
What is the thousands digit of 32377929?
7
What is the units digit of 994508057?
7
What is the ten millions digit of 865945589?
6
What is the hundred thousands digit of 2019885381?
8
What is the units digit of 43461448?
8
What is the thousands digit of 3051310752?
0
What is the tens digit of 2550053602?
0
What is the hundred millions digit of 4367054365?
3
What is the thousands digit of 7079001?
9
What is the ten millions digit of 3819678001?
1
What is the millions digit of 285157340?
5
What is the hundred millions digit of 327569680?
3
What is the units digit of 26358372?
2
What is the ten millions digit of 69530966?
6
What is the thousands digit of 222800406?
0
What is the billions digit of 4859685928?
4
What is the ten thousands digit of 50749618?
4
What is the hundreds digit of 3914288314?
3
What is the units digit of 2033121194?
4
What is the thousands digit of 8537501888?
1
What is the ten thousands digit of 1032193425?
9
What is the millions digit of 13989405?
3
What is the hundred thousands digit of 552287054?
2
What is the ten millions digit of 214357550?
1
What is the millions digit of 1901633596?
1
What is the ten thousands digit of 54875981?
7
What is the hundred millions digit of 588919219?
5
What is the hundreds digit of 2535549770?
7
What is the units digit of 24698911?
1
What is the millions digit of 105500644?
5
What is the tens digit of 42113655?
5
What is the tens digit of 177721346?
4
What is the ten millions digit of 74535246?
7
What is the thousands digit of 1714352149?
2
What is the tens digit of 8187287?
8
What is the hundred thousands digit of 38815075?
8
What is the millions digit of 179813993?
9
What is the hundreds digit of 21711907?
9
What is the hundreds digit of 267182526?
5
What is the hundred thousands digit of 820013976?
0
What is the millions digit of 202980423?
2
What is the hundreds digit of 174915168?
1
What is the tens digit of 11082939?
3
What is the hundreds digit of 71289025?
0
What is the tens digit of 2504270928?
2
What is the hundreds digit of 120110853?
8
What is the units digit of 365973959?
9
What is the hundred thousands digit of 299655479?
6
What is the hundred thousands digit of 226370544?
3
What is the ten millions digit of 61613105?
6
What is the tens digit of 73666840?
4
What is the hundred thousands digit of 193815053?
8
What is the hundred millions digit of 134824490?
1
What is the millions digit of 975330937?
5
What is the units digit of 1478681529?
9
What is the hundreds digit of 3191799791?
7
What is the tens digit of 42869286?
8
What is the hundreds digit of 12546337?
3
What is the hundred millions digit of 2248151664?
2
What is the thousands digit of 74168860?
8
What is the millions digit of 21324014?
1
What is the hundreds digit of 51880599?
5
What is the ten thousands digit of 233098906?
9
What is the thousands digit of 34